{"id":1036,"date":"2015-06-25T02:25:26","date_gmt":"2015-06-25T02:25:26","guid":{"rendered":"http:\/\/wp.seatheme.net\/za\/?page_id=2"},"modified":"2023-12-05T21:07:46","modified_gmt":"2023-12-05T21:07:46","slug":"homepage","status":"publish","type":"page","link":"https:\/\/grupohama.com\/dotaciong\/","title":{"rendered":"Home"},"content":{"rendered":"<style>\/*! elementor - v3.17.0 - 08-11-2023 *\/\n.elementor-heading-title{padding:0;margin:0;line-height:1}.elementor-widget-heading .elementor-heading-title[class*=elementor-size-]>a{color:inherit;font-size:inherit;line-height:inherit}.elementor-widget-heading .elementor-heading-title.elementor-size-small{font-size:15px}.elementor-widget-heading .elementor-heading-title.elementor-size-medium{font-size:19px}.elementor-widget-heading .elementor-heading-title.elementor-size-large{font-size:29px}.elementor-widget-heading .elementor-heading-title.elementor-size-xl{font-size:39px}.elementor-widget-heading .elementor-heading-title.elementor-size-xxl{font-size:59px}<\/style>\n<h3>Manufacturamos y comercializamos prendas corporativas con el fin de satisfacer las necesidades de nuestros clientes,<\/h3>\n<p>desarrollando prendas que cumplan con los par\u00e1metros establecidos en sus empresas a nivel de protecci\u00f3n, creado dise\u00f1os c\u00f3modos, actuales y representativos para con sus empleados, ofreciendo excelentes est\u00e1ndares de calidad, logrando posicionarnos como la primera opci\u00f3n para la soluci\u00f3n del buen vestir empresarial a nivel regional y nacional<\/p>\n<style>\/*! elementor - v3.17.0 - 08-11-2023 *\/\n.elementor-widget-image{text-align:center}.elementor-widget-image a{display:inline-block}.elementor-widget-image a img[src$=\".svg\"]{width:48px}.elementor-widget-image img{vertical-align:middle;display:inline-block}<\/style>\n<p>\t\t\t\t\t\t\t\t\t\t\t\t<img loading=\"lazy\" decoding=\"async\" width=\"381\" height=\"117\" src=\"https:\/\/grupohama.com\/dotaciong\/wp-content\/uploads\/2023\/12\/iconndota-52.jpg\" alt=\"\" srcset=\"https:\/\/grupohama.com\/dotaciong\/wp-content\/uploads\/2023\/12\/iconndota-52.jpg 381w, https:\/\/grupohama.com\/dotaciong\/wp-content\/uploads\/2023\/12\/iconndota-52-300x92.jpg 300w\" sizes=\"(max-width: 381px) 100vw, 381px\" \/>\t\t\t\t\t\t\t\t\t\t\t\t\t\t\t<\/p>\n<h1>INNOVACI\u00d3N<br \/>\n<\/h1>\n<p>Es nuestro ADN y principal valor corporativo es lo que nos identifica y diferencia del resto del mercado del dise\u00f1o confecci\u00f3n y comercializaci\u00f3n de insumos, nuestros productos siempre van a la vanguardia y ajustados a las necesidades de nuestros clientes.<\/p>\n<p>\t\t\t\t\t\t\t\t\t\t\t\t\t\t\t<img loading=\"lazy\" decoding=\"async\" width=\"989\" height=\"591\" src=\"https:\/\/grupohama.com\/dotaciong\/wp-content\/uploads\/2023\/12\/fotoswh-21.jpg\" alt=\"\" srcset=\"https:\/\/grupohama.com\/dotaciong\/wp-content\/uploads\/2023\/12\/fotoswh-21.jpg 989w, https:\/\/grupohama.com\/dotaciong\/wp-content\/uploads\/2023\/12\/fotoswh-21-300x179.jpg 300w, https:\/\/grupohama.com\/dotaciong\/wp-content\/uploads\/2023\/12\/fotoswh-21-768x459.jpg 768w\" sizes=\"(max-width: 989px) 100vw, 989px\" \/><br \/>\n\t\t\t\t\t\t\t\t\t\t\t\t\t\t\t<img loading=\"lazy\" decoding=\"async\" width=\"194\" height=\"170\" src=\"https:\/\/grupohama.com\/dotaciong\/wp-content\/uploads\/2023\/12\/fotoswh-23bw.jpg\" alt=\"\" \/><br \/>\n\t\t\t\t\t\t\t\t\t\t\t\t\t\t\t<img loading=\"lazy\" decoding=\"async\" width=\"298\" height=\"263\" src=\"https:\/\/grupohama.com\/dotaciong\/wp-content\/uploads\/2023\/12\/fotoswh-20bw.jpg\" alt=\"\" \/><br \/>\n\t\t\t\t\t\t\t\t\t\t\t\t\t\t\t<img loading=\"lazy\" decoding=\"async\" width=\"332\" height=\"289\" src=\"https:\/\/grupohama.com\/dotaciong\/wp-content\/uploads\/2023\/12\/fotoswh-19bw.jpg\" alt=\"\" srcset=\"https:\/\/grupohama.com\/dotaciong\/wp-content\/uploads\/2023\/12\/fotoswh-19bw.jpg 332w, https:\/\/grupohama.com\/dotaciong\/wp-content\/uploads\/2023\/12\/fotoswh-19bw-300x261.jpg 300w\" sizes=\"(max-width: 332px) 100vw, 332px\" \/><br \/>\n\t\t\t\t\t\t\t\t\t\t\t\t\t\t\t<img loading=\"lazy\" decoding=\"async\" width=\"194\" height=\"170\" src=\"https:\/\/grupohama.com\/dotaciong\/wp-content\/uploads\/2023\/12\/fotoswh-22bw.jpg\" alt=\"\" \/>\t\t\t\t\t\t\t\t\t\t\t\t\t\t\t<\/p>\n<h3>RESPONSABILIDAD SOCIAL <\/h3>\n<p>Acompa\u00f1amiento responsable en el impacto que genera la prestaci\u00f3n de nuestros servicios sobre nuestros clientes, empleados, accionistas, medio ambiente y comunidad en general.<\/p>\n<h3>Nuestros Servicios<\/h3>\n<p>\t\t\t<svg xmlns=\"http:\/\/www.w3.org\/2000\/svg\" id=\"Layer_1\" data-name=\"Layer 1\" viewBox=\"0 0 92.98 95.89\"><defs><\/p>\n<style>      .cls-1 {        fill: #fbcf08;        stroke-width: 0px;      }    <\/style>\n<p><\/defs><path d=\"M53.34,11.07c1.25.32,2.52.54,3.69,1.14,3.63,1.87,5.82,4.77,6.42,8.82.08.52.27.76.8.92,3.23.94,6.44,1.92,9.66,2.88,1.05.31,1.23.54,1.23,1.62,0,12.27,0,24.54-.01,36.81,0,.64.08.91.83,1.05,4.86.9,8.39,5.19,8.42,10.11.03,4.94-3.5,9.25-8.39,10.23-5.61,1.13-11.27-2.7-12.2-8.31-.11-.66-.36-.73-.91-.73-13.86.01-27.72,0-41.57.01-.61,0-1.21-.03-1.77-.28-1.3-.58-2-1.6-2.14-3.01-.02-.19,0-.38,0-.58,0-15.08,0-30.16,0-45.24,0-1.18.16-1.38,1.3-1.72,3.22-.96,6.44-1.94,9.66-2.88.43-.12.65-.29.7-.75.57-5.14,4.81-9.37,9.89-9.99.09-.01.17-.08.25-.12,4.72,0,9.43,0,14.15,0ZM50.92,37.71v3.27c0,10.52,0,21.03,0,31.55,0,.37-.18.82.54.81,3.9-.03,7.79-.02,11.69,0,.39,0,.52-.12.59-.51.71-4.3,3.95-7.68,8.23-8.49.77-.15.87-.42.87-1.1-.02-11.81-.01-23.63-.01-35.44,0-.14-.01-.29,0-.43.03-.31-.08-.48-.39-.57-2.83-.84-5.66-1.68-8.49-2.54-.32-.1-.46-.08-.52.31-.82,5.36-2.62,10.45-4.38,15.55-.3.86-.95,1.11-1.77.72-1.23-.59-2.46-1.21-3.68-1.81-.85-.42-1.71-.84-2.67-1.31ZM41.64,37.68c-1.94.96-3.79,1.82-5.59,2.76-1.66.86-2.19.9-2.89-1.19-1.62-4.84-3.31-9.66-4.07-14.74-.07-.45-.29-.32-.55-.24-2.78.83-5.56,1.68-8.35,2.49-.42.12-.5.32-.5.71,0,8.93.01,17.86,0,26.79,0,.52.17.63.65.62,2.74-.02,5.48-.01,8.23-.01,1.18,0,1.53.35,1.53,1.55,0,5.4.01,10.8-.01,16.21,0,.58.17.71.72.7,3.34-.02,6.69-.03,10.03,0,.65,0,.83-.15.83-.82-.02-11.33-.02-22.66-.02-34v-.84ZM40.15,18c-3.04.1-5.76,1.58-7.63,4.56-.33.52-.43.92.07,1.49,3.59,4.13,8.01,6.98,13.18,8.69.34.11.64.12.98,0,5.23-1.73,9.69-4.59,13.27-8.8.36-.43.38-.74.11-1.19-2.01-3.33-4.99-4.85-8.84-4.78-.32,0-.42.12-.41.42.02.55,0,1.1,0,1.66,0,.99-.4,1.38-1.4,1.39-1.8,0-3.61,0-5.41,0q-2.43,0-2.43-2.45,0-1.03-1.49-1ZM73.98,82.54c4.44,0,8.09-3.63,8.09-8.06,0-4.43-3.64-8.07-8.08-8.07-4.44,0-8.09,3.63-8.09,8.06,0,4.43,3.64,8.07,8.08,8.07ZM43.95,54.95c0,5.88.01,11.76-.02,17.65,0,.61.17.77.76.74,1.06-.05,2.12-.05,3.17,0,.61.03.76-.15.75-.75-.03-4.75-.01-9.51-.01-14.26,0-6.99,0-13.97.01-20.96,0-.57-.18-.85-.68-1.16-1.16-.74-2.19-.75-3.35,0-.47.31-.65.56-.65,1.11.02,5.88.01,11.76.01,17.65ZM27.78,67c0-1.94,0-3.89,0-5.83,0-.39-.09-.54-.52-.54-2.36.02-4.71.02-7.07,0-.43,0-.52.14-.51.54.01,3.6,0,7.2.01,10.8,0,.92.45,1.34,1.4,1.35,2.04.01,4.09-.01,6.13.01.46,0,.56-.14.56-.57-.02-1.92,0-3.84,0-5.76ZM60.64,19.53c.02-.09.04-.14.03-.18-.04-.14-.09-.28-.15-.4-1.65-3.44-4.37-5.41-8.2-5.53-4.04-.13-8.08-.06-12.12-.02-2.11.02-4,.78-5.62,2.13-1.27,1.06-2.21,2.36-2.81,4.09.19-.16.27-.21.33-.28,2.31-2.42,5.17-3.61,8.5-3.64,3.78-.04,7.55-.02,11.33,0,1.5,0,2.95.27,4.36.84,1.67.67,3.09,1.69,4.35,3ZM43.27,34.31c-4.39-1.75-8.15-4.19-11.45-7.63.86,3.94,2.08,7.55,3.3,11.16.13.38.29.35.58.2,2.47-1.22,4.95-2.44,7.57-3.72ZM49.27,34.31c2.62,1.28,5.1,2.49,7.56,3.73.55.28.56-.13.65-.42.85-2.55,1.73-5.08,2.43-7.67.28-1.02.51-2.05.77-3.08-3.27,3.27-7.05,5.67-11.41,7.44ZM23.7,58.34c1.18,0,2.36-.02,3.53.01.46.01.58-.14.56-.57-.02-.38-.02-.61-.52-.61-2.35.03-4.71.03-7.06,0-.51,0-.5.23-.52.61-.02.44.1.58.56.57,1.15-.03,2.31-.01,3.46-.01ZM46.23,19.14c.6,0,1.2-.03,1.8,0,.46.03.58-.13.56-.57-.02-.37,0-.62-.52-.61-1.2.04-2.4.04-3.6,0-.51-.02-.51.23-.52.61-.02.43.1.6.56.57.57-.04,1.15,0,1.73,0Z\"><\/path><path d=\"M79.75,72.15c-.02.43-.23.74-.51,1.02-1.83,1.84-3.66,3.68-5.51,5.5-.6.6-1.21.58-1.83-.02-.69-.67-1.37-1.35-2.03-2.04-.61-.63-.65-1.28-.16-1.78.5-.5,1.14-.45,1.79.14.02.02.03.03.05.05.42.39.81,1.07,1.26,1.11.53.04.88-.71,1.31-1.12,1.2-1.17,2.38-2.38,3.58-3.55.38-.38.84-.57,1.38-.31.43.21.64.56.68,1.01Z\"><\/path><path d=\"M47.43,44.49c0,.63-.49,1.15-1.12,1.16-.6,0-1.16-.53-1.17-1.13-.01-.6.53-1.15,1.13-1.16.63,0,1.14.49,1.15,1.12Z\"><\/path><path d=\"M47.43,54.91c-.01.63-.54,1.13-1.16,1.11-.6-.02-1.14-.58-1.12-1.17.02-.6.58-1.13,1.18-1.11.63.02,1.12.54,1.1,1.17Z\"><\/path><path d=\"M46.26,64.11c.63-.02,1.15.48,1.17,1.11.02.63-.47,1.16-1.1,1.18-.6.02-1.16-.51-1.19-1.11-.02-.59.51-1.16,1.12-1.17Z\"><\/path><\/svg>\t\t\t<\/p>\n<h2>SUMINISTRO DE DOTACIONES  INSTITUCIONALES<\/h2>\n<p>Proveemos todo tipo de dotaciones a nuestros clientes, hospitalarias, industriales comerciales, con un valor diferenciador, nuestros materiales livianos, c\u00f3modos, estilo y din\u00e1mica en el color y las texturas.<\/p>\n<p>\t\t\t<svg xmlns=\"http:\/\/www.w3.org\/2000\/svg\" id=\"Layer_1\" data-name=\"Layer 1\" viewBox=\"0 0 84.38 89.82\"><defs><\/p>\n<style>      .cls-1 {        fill: #fbcf08;        stroke-width: 0px;      }    <\/style>\n<p><\/defs><path d=\"M41.81,79.22c-4.34-1.36-8.39-3.3-12.11-5.93-6.42-4.53-10.57-10.66-12.74-18.17-1.19-4.1-1.69-8.31-1.91-12.56-.21-4-.03-7.99-.03-11.99,0-3.88,2.77-7.07,6.98-7.28,3.92-.2,7.68-1.12,11.2-2.92,1.9-.98,3.64-2.17,5.24-3.59.72-.64,1.37-1.38,2.27-1.78,1.44-.65,2.85-.55,4.12.39.98.72,1.84,1.6,2.8,2.35,4.45,3.53,9.59,5.2,15.21,5.56,2.33.15,4.29.97,5.69,2.89.8,1.09,1.27,2.33,1.31,3.68.16,4.92.27,9.85-.12,14.76-.49,6.14-1.69,12.11-4.67,17.6-2.64,4.87-6.33,8.78-10.94,11.82-3.1,2.05-6.44,3.62-9.94,4.86-.35.13-.72.22-1.08.33h-1.26ZM66.06,37.36c0-2.36.02-4.71,0-7.07-.02-1.74-1.02-2.91-2.76-3.12-1.96-.24-3.93-.38-5.87-.8-5.39-1.15-10.11-3.58-14.13-7.36-.83-.78-.86-.78-1.7.01-4.02,3.78-8.74,6.21-14.13,7.35-1.94.41-3.91.55-5.87.79-1.73.22-2.71,1.39-2.75,3.14-.05,2.5-.12,5.01-.12,7.51,0,4.97.32,9.91,1.5,14.77,1.54,6.33,4.59,11.75,9.59,15.99,3.62,3.08,7.79,5.17,12.24,6.75.35.12.66.05.98-.06,1.7-.62,3.37-1.31,4.99-2.11,9.62-4.73,15.26-12.43,17.17-22.93.77-4.26,1-8.56.87-12.87Z\"><\/path><path d=\"M58.56,46.9c.01,8.84-7.19,16.06-16.09,16.12-8.82.06-16.2-7.33-16.13-16.14.07-8.9,7.29-16.11,16.12-16.09,8.87.03,16.09,7.25,16.1,16.11ZM54.75,46.89c-.02-6.79-5.6-12.36-12.33-12.31-6.8.06-12.25,5.51-12.29,12.29-.04,6.74,5.52,12.32,12.31,12.34,6.77.01,12.33-5.56,12.32-12.32Z\"><\/path><path d=\"M50.29,43.26c.01.54-.2.98-.57,1.36-2.91,2.92-5.82,5.84-8.74,8.74-.86.85-1.92.83-2.8-.02-1.08-1.06-2.15-2.13-3.21-3.21-.82-.84-.84-2.01-.09-2.76.78-.77,1.89-.74,2.76.09.53.51,1.06,1.02,1.56,1.57.3.33.48.31.79,0,2.29-2.32,4.6-4.61,6.9-6.92.59-.59,1.25-.91,2.1-.63.81.26,1.31.96,1.3,1.81Z\"><\/path><\/svg>\t\t\t<\/p>\n<h2>SUMINISTRO DE ELEMENTOS  DE PROTECCI\u00d3N PERSONAL<\/h2>\n<p>Nuestros clientes cuentan con un aliado estrat\u00e9gico en el aspecto de seguridad en el trabajo.<\/p>\n<p>\t\t\t<svg xmlns=\"http:\/\/www.w3.org\/2000\/svg\" id=\"Layer_1\" data-name=\"Layer 1\" viewBox=\"0 0 84.38 81.27\"><defs><\/p>\n<style>      .cls-1 {        fill: #fbcf08;        stroke-width: 0px;      }    <\/style>\n<p><\/defs><path d=\"M8.89,58.89c.33-.64.65-1.29.98-1.93.11-.22.17-.43.13-.67-.56-3.27-.01-6.45.78-9.61.6-2.39,1.38-4.74,1.76-7.19.35-2.28.16-4.56-.08-6.84-.35-3.39-.94-6.73-1.56-10.08-.53-2.84,1.42-5.32,4.34-5.67,4.49-.54,8.97-1.12,13.46-1.66.47-.06.57-.26.61-.65.6-5.74,4.86-8.31,9.09-8.95,1.5-.23,2.73.98,2.65,2.6-.14,2.75-.14,5.5.05,8.25.34,4.97,1.03,9.88,3.24,14.43,1.91,3.95,4.65,7.3,7.68,10.43.86.89,1.74,1.76,2.66,2.59,1.61,1.45,3.52,2.13,5.69,2.12,3.06-.01,6.11-.02,9.17,0,4.25.03,7.49,2.58,8.44,6.58.32,1.36.17,2.74.2,4.11,0,.27-.03.53.27.72,3.13,2,2.68,7.16-.47,9.26-1.05.7-2.25,1-3.43,1.36-8.15,2.48-16.48,3.54-24.99,3.08-2.47-.14-4.92-.47-7.34-.95-1.3-.26-2.2-1.33-2.26-2.66-.05-1.2-.32-1.52-1.54-1.61-2.26-.18-4.52-.14-6.78.11-.81.09-1.13.43-1.24,1.25-.24,1.8-1.22,2.69-3.01,2.77-3.83.18-7.65.2-11.44-.41-1.91-.31-3.79-.75-5.53-1.66-.6-.31-1.16-.68-1.53-1.28,0-2.61,0-5.23,0-7.84ZM54.26,61.6c4.7-.21,8.46-.57,12.18-1.26,2.89-.53,5.74-1.2,8.43-2.44.67-.31,1.03-.69.92-1.48-.07-.53-.01-1.07-.01-1.61,0-3.8-2.49-6.32-6.29-6.36-2.29-.03-4.57,0-6.86-.01-.38,0-.65.11-.92.38-1.21,1.17-2.56,2.17-4.05,2.97-4.87,2.62-9.68,2.6-14.24-.61-2.77-1.95-5.75-3.33-9-4.19-6.46-1.72-13.05-2.11-19.69-2.01-.8.01-1.15.22-1.35,1.03-.74,3.04-1.53,6.06-1.16,9.24.06.49.23.71.7.86,3.44,1.1,6.94,2,10.5,2.6,3.67.62,7.35.88,11.07.44,3.97-.48,7.87-.07,11.68,1.11,2.94.92,5.91,1.52,8.08,1.33ZM58.66,48.34c-2.34-.4-4.22-1.32-5.81-2.81-1.7-1.59-3.32-3.27-4.87-5.02-4.42-5.02-7.48-10.7-8.53-17.39-.75-4.79-1.02-9.59-.81-14.43.01-.35.14-.75-.48-.61-3.27.72-5.95,2.72-6.46,6.61-.28,2.09.25,4.13.37,6.19.09,1.46.46,2.92.16,4.39-.56,2.69-2.66,4.41-5.67,4.78-3.75.47-7.48,1-11.23,1.48-.44.06-.57.18-.51.64.42,3.3.47,6.6-.36,9.86-.13.52.01.58.47.57,5.19-.17,10.35.14,15.46,1.03,5.21.91,10.17,2.44,14.51,5.64,2.45,1.81,5.27,2.42,8.29,1.75,1.98-.44,3.74-1.34,5.46-2.69ZM13.61,66.67c.05-.27.07-.48.14-.67.21-.57.64-.86,1.25-.79.6.07.96.44,1.04,1.05q.14,1.07,1.24,1.19c.16.02.33.02.48.06.41.11.68.08.82-.43.14-.49.59-.71,1.1-.69.51.02.98.28,1.04.77.08.62.43.62.86.61.3,0,.61,0,.91.04.46.05.72-.05.81-.58.09-.55.53-.81,1.07-.84.51-.03,1.02.21,1.1.69.12.71.51.7,1.03.65.25-.03.51-.03.77-.02.48.02.7-.18.76-.69.25-1.96,1.41-3.12,3.36-3.32,2.56-.27,5.12-.32,7.68-.06,1.69.17,2.92,1.34,3.22,3.02q.22,1.25,1.48,1.46c.11.02.24.01.35.05.4.12.7.09,1.03-.27.5-.54,1.37-.43,1.73.24.22.41.51.49.88.52.37.03.75.03,1.12.08.4.06.62-.02.76-.45.16-.48.58-.71,1.1-.69.52.02.95.29,1.05.77.1.51.37.56.77.55.33-.01.65,0,.98.02.43.03.73-.02.84-.55.1-.5.52-.76,1.04-.79.48-.03.98.16,1.07.62.15.77.64.64,1.14.6.3-.02.6-.07.91-.08.33,0,.51-.08.67-.44.37-.87,1.43-.99,1.98-.22.24.33.46.39.81.33.37-.06.74-.12,1.11-.15.49-.04.79-.17.82-.77.02-.51.41-.82.93-.9.51-.08,1.02.06,1.18.54.21.67.62.52,1.06.43.23-.05.45-.12.68-.14.62-.06.96-.28.9-1-.04-.55.37-.9.89-1.03.53-.13,1.08.04,1.24.54.24.76.63.66,1.17.45.26-.1.53-.16.81-.22.44-.09.7-.25.66-.78-.04-.61.29-1.03.89-1.16.59-.13,1.09.08,1.32.64.15.37.31.32.57.18,1.25-.69,1.9-1.74,1.97-3.17.04-.83-.14-1.57-.77-2.16-.23-.22-.43-.27-.73-.09-2.16,1.26-4.53,1.95-6.94,2.51-4.21.98-8.49,1.43-12.8,1.74-3.83.27-7.57-.01-11.24-1.25-3.54-1.19-7.2-1.5-10.91-1.08-2.44.28-4.89.34-7.33.12-4.97-.44-9.8-1.55-14.54-3.03-1.06-.33-1.32-.2-1.59.85-.05.18-.03.37-.03.56,0,1.28,0,2.57,0,3.85,0,2.17.09,2.29,2.33,2.79ZM29.9,23.3c-.14-1.42-.35-3.22-.49-5.04-.05-.6-.26-.69-.82-.61-4.34.57-8.69,1.11-13.04,1.64-1.65.2-2.57,1.39-2.29,3.03.34,1.9.67,3.81,1,5.71.21,1.19.21,1.22,1.41,1.06,3.74-.49,7.49-.97,11.22-1.51,1.99-.29,3.16-1.87,3-4.27Z\"><\/path><path d=\"M43.49,37.89c.68-.02,1.22.49,1.22,1.15,0,.64-.55,1.21-1.19,1.21-.62,0-1.16-.52-1.18-1.14-.03-.68.47-1.21,1.15-1.22Z\"><\/path><path d=\"M39.97,35.49c-.63.02-1.21-.54-1.22-1.18-.01-.64.48-1.15,1.13-1.18.7-.03,1.21.43,1.24,1.12.02.67-.49,1.22-1.14,1.24Z\"><\/path><path d=\"M37.56,24.75c-.01.66-.57,1.17-1.23,1.15-.65-.02-1.13-.51-1.13-1.16,0-.67.53-1.21,1.18-1.2.64,0,1.2.58,1.18,1.22Z\"><\/path><path d=\"M38.73,29.5c0,.67-.53,1.2-1.19,1.19-.65-.01-1.2-.57-1.18-1.22.02-.63.54-1.14,1.17-1.15.68,0,1.2.5,1.2,1.18Z\"><\/path><\/svg>\t\t\t<\/p>\n<h2>SUMINISTROS DE CALZADO<\/h2>\n<p>Ofrecemos innovaci\u00f3n y seguridad en la dotaci\u00f3n de calzado para nuestros clientes y estar a la vanguardia en este aspecto.<\/p>\n<p>\t\t\t<svg xmlns=\"http:\/\/www.w3.org\/2000\/svg\" id=\"Layer_1\" data-name=\"Layer 1\" viewBox=\"0 0 88.22 98.02\"><defs><\/p>\n<style>      .cls-1 {        fill: #fbcf08;        stroke-width: 0px;      }    <\/style>\n<p><\/defs><path d=\"M5.84,36.42c.62,0,1.25-.05,1.87,0,.58.05.69-.17.69-.71-.02-5.14-.01-10.27-.01-15.41,0-.7.05-1.39.24-2.07.66-2.35,2.17-3.87,4.51-4.54.4-.11.62-.29.81-.67.77-1.6,2.48-2.41,4.24-2.05,1.68.34,2.93,1.84,3.02,3.63.08,1.65-1.03,3.23-2.65,3.75-1.68.55-3.53-.07-4.42-1.6-.35-.61-.65-.59-1.16-.3-1.31.75-2.02,1.88-2.02,3.35-.03,5.36,0,10.72-.02,16.08,0,.45.17.54.57.53.85-.02,1.7.03,2.54-.02.57-.03.78.12.76.73-.04,1.52-.07,3.04.38,4.52,1.1,3.6,3.48,5.93,7.05,7,3.32.99,6.54.61,9.49-1.22,2.69-1.67,4.22-4.15,4.65-7.31.15-1.07.12-2.14.11-3.21,0-.39.11-.56.51-.51.07.01.15,0,.22,0q1.83-.01,1.82-1.8c-.02-4.81-.05-9.62-.06-14.44,0-1.69-.65-2.99-2.18-3.79-.38-.2-.62-.21-.89.25-.89,1.54-2.67,2.23-4.3,1.74-1.73-.52-2.83-2.07-2.74-3.9.08-1.63,1.32-3.08,2.94-3.45,1.72-.39,3.45.43,4.25,2.03.14.28.25.53.6.6,2.67.57,4.93,3.05,4.9,6.73-.04,5.06.03,10.12.02,15.18,0,.68.16.88.85.86,1.71-.05,1.66-.01,1.72,1.66.33,8.8-5.76,15.63-13.23,17.81-.67.2-.88.48-.86,1.17.03,1.32.13,2.65-.14,3.95-.38,1.8-1.27,3.13-3.25,3.42-.25.04-.4.14-.41.42-.24,5.73,1.37,10.69,6.26,14.08,5.57,3.86,12.73,2.73,17.04-2.48,2.46-2.98,3.51-6.43,3.51-10.24,0-8.1-.03-16.21.01-24.31.02-4.54,1.94-8.12,5.92-10.38,4.95-2.8,11.07-.96,14.04,4.05,1.36,2.29,1.79,4.77,1.73,7.39-.03,1.16,0,1.16,1.09,1.44,3.98,1.01,6.87,5.09,6.54,9.25-.34,4.28-3.72,7.8-7.88,8.2-4.89.47-9.05-2.67-9.87-7.46-.79-4.59,2.25-9.02,6.94-10.11.47-.11.64-.28.63-.78,0-1.75-.03-3.49-.66-5.16-1.4-3.66-4.82-5.9-8.5-5.54-3.48.35-6.62,3.43-7.28,7.15-.13.72-.17,1.43-.17,2.16,0,8.03,0,16.06,0,24.08,0,3.46-.73,6.74-2.57,9.69-3.07,4.93-7.48,7.78-13.36,7.85-4.64.06-8.51-1.86-11.58-5.32-3.07-3.46-4.41-7.56-4.42-12.14,0-.25-.03-.5,0-.75.09-.71-.06-1.08-.91-1.23-1.65-.3-2.73-1.93-2.87-4.1-.07-1.12-.07-2.24-.03-3.36.02-.55-.17-.75-.69-.91-5.15-1.57-9.08-4.66-11.58-9.47-.87-1.67-1.41-3.45-1.64-5.32-.02-.19,0-.4-.15-.57v-4.19ZM25.03,54.26c3.2-.04,5.74-.62,8.45-2.15,4.42-2.5,7.23-6.18,7.97-11.29.27-1.87.22-1.85-1.68-1.88-.58,0-.73.17-.77.73-.44,5.52-3.98,9.87-9.18,11.41-8.5,2.52-17.2-2.89-17.56-11.66-.02-.42-.21-.48-.56-.48-.9.02-1.8.03-2.69,0-.49-.02-.64.12-.61.62.11,1.68.42,3.31,1.09,4.86,2.6,6.04,8.72,9.91,15.55,9.82ZM73.51,59.37c3.49-.01,6.38-2.9,6.38-6.37,0-3.47-2.92-6.38-6.38-6.38-3.49,0-6.36,2.89-6.36,6.39,0,3.51,2.86,6.38,6.36,6.36ZM25.03,56.73c-.72,0-1.44,0-2.16,0-.24,0-.45-.03-.43.32.05,1.21-.12,2.43.15,3.64.22.95.57,1.26,1.53,1.27.57,0,1.14,0,1.71,0,.97-.01,1.33-.31,1.55-1.26.28-1.2.1-2.43.15-3.64.02-.33-.16-.34-.42-.33-.69.02-1.39,0-2.09,0ZM18.58,14.67c-.01-.68-.57-1.22-1.24-1.23-.7,0-1.29.6-1.27,1.29.02.68.57,1.21,1.25,1.21.72,0,1.27-.55,1.26-1.28ZM32.69,15.95c.67-.02,1.22-.58,1.22-1.25,0-.69-.61-1.28-1.3-1.26-.68.02-1.21.57-1.21,1.26,0,.72.56,1.26,1.28,1.25Z\"><\/path><path d=\"M73.49,56.81c-2.11,0-3.79-1.69-3.8-3.8,0-2.1,1.68-3.81,3.78-3.84,2.09-.03,3.88,1.77,3.86,3.86-.02,2.09-1.75,3.79-3.84,3.78ZM74.77,52.99c0-.65-.58-1.23-1.24-1.25-.7-.01-1.28.57-1.27,1.27,0,.72.57,1.26,1.3,1.23.67-.02,1.22-.59,1.22-1.26Z\"><\/path><\/svg>\t\t\t<\/p>\n<h2>MEDICAL<\/h2>\n<p>Contamos con los protocolos de bioseguridad y ofrecemos todo lo necesario para que las instalaciones de nuestros clientes est\u00e9n seguras y confiables tanto para clientes internos y externos, nuestro valor diferenciador es el suministro de equipos m\u00e9dicos y cl\u00ednicos para cubrir las necesidades de cl\u00ednicas y hospitales para la prestaci\u00f3n \u00f3ptima de sus servicios.<\/p>\n<h3>\u00bfPorque Nosotros?<\/h3>\n<link rel=\"stylesheet\" href=\"https:\/\/grupohama.com\/dotaciong\/wp-content\/plugins\/elementor\/assets\/css\/widget-icon-box.min.css\">\n<h4>\n\t\t\t\t\t\tCONFIABILIDAD<br \/>\n\t\t\t\t<\/h4>\n<p>\n\t\t\t\t\t\tLa confianza que depositan nuestros clientes en nuestros servicios, son<br \/>\nretribuidas con productos innovadores y de calidad incomparable.\t\t\t\t\t<\/p>\n<h4>\n\t\t\t\t\t\tTRABAJO EN EQUIPO<br \/>\n\t\t\t\t<\/h4>\n<p>\n\t\t\t\t\t\tNuestros colaboradores siempre tienen una gran capacidad de trabajo en equipo, lo que nos permite desarrollar procesos y proyectos en el tiempo con las condiciones que requiere nuestros clientes.\t\t\t\t\t<\/p>\n","protected":false},"excerpt":{"rendered":"<p>Manufacturamos y comercializamos prendas corporativas con el fin de satisfacer las necesidades de nuestros clientes, desarrollando prendas que cumplan con los par\u00e1metros establecidos en sus empresas a nivel de protecci\u00f3n, creado dise\u00f1os c\u00f3modos, actuales y representativos para con sus empleados, ofreciendo excelentes est\u00e1ndares de calidad, logrando posicionarnos como la primera opci\u00f3n para la soluci\u00f3n del &hellip;<\/p>\n<p class=\"read-more\"> <a class=\"\" href=\"https:\/\/grupohama.com\/dotaciong\/\"> <span class=\"screen-reader-text\">Home<\/span> Leer m\u00e1s &raquo;<\/a><\/p>\n","protected":false},"author":1,"featured_media":0,"parent":0,"menu_order":0,"comment_status":"closed","ping_status":"closed","template":"","meta":{"site-sidebar-layout":"no-sidebar","site-content-layout":"","ast-site-content-layout":"full-width-container","site-content-style":"default","site-sidebar-style":"default","ast-global-header-display":"","ast-banner-title-visibility":"","ast-main-header-display":"","ast-hfb-above-header-display":"","ast-hfb-below-header-display":"","ast-hfb-mobile-header-display":"","site-post-title":"disabled","ast-breadcrumbs-content":"","ast-featured-img":"disabled","footer-sml-layout":"","theme-transparent-header-meta":"","adv-header-id-meta":"","stick-header-meta":"","header-above-stick-meta":"","header-main-stick-meta":"","header-below-stick-meta":"","astra-migrate-meta-layouts":"","ast-page-background-enabled":"default","ast-page-background-meta":{"desktop":{"background-color":"var(--ast-global-color-4)","background-image":"","background-repeat":"repeat","background-position":"center center","background-size":"auto","background-attachment":"scroll","background-type":"","background-media":"","overlay-type":"","overlay-color":"","overlay-gradient":""},"tablet":{"background-color":"","background-image":"","background-repeat":"repeat","background-position":"center center","background-size":"auto","background-attachment":"scroll","background-type":"","background-media":"","overlay-type":"","overlay-color":"","overlay-gradient":""},"mobile":{"background-color":"","background-image":"","background-repeat":"repeat","background-position":"center center","background-size":"auto","background-attachment":"scroll","background-type":"","background-media":"","overlay-type":"","overlay-color":"","overlay-gradient":""}},"ast-content-background-meta":{"desktop":{"background-color":"var(--ast-global-color-5)","background-image":"","background-repeat":"repeat","background-position":"center center","background-size":"auto","background-attachment":"scroll","background-type":"","background-media":"","overlay-type":"","overlay-color":"","overlay-gradient":""},"tablet":{"background-color":"var(--ast-global-color-5)","background-image":"","background-repeat":"repeat","background-position":"center center","background-size":"auto","background-attachment":"scroll","background-type":"","background-media":"","overlay-type":"","overlay-color":"","overlay-gradient":""},"mobile":{"background-color":"var(--ast-global-color-5)","background-image":"","background-repeat":"repeat","background-position":"center center","background-size":"auto","background-attachment":"scroll","background-type":"","background-media":"","overlay-type":"","overlay-color":"","overlay-gradient":""}},"footnotes":""},"class_list":["post-1036","page","type-page","status-publish","hentry"],"_links":{"self":[{"href":"https:\/\/grupohama.com\/dotaciong\/wp-json\/wp\/v2\/pages\/1036"}],"collection":[{"href":"https:\/\/grupohama.com\/dotaciong\/wp-json\/wp\/v2\/pages"}],"about":[{"href":"https:\/\/grupohama.com\/dotaciong\/wp-json\/wp\/v2\/types\/page"}],"author":[{"embeddable":true,"href":"https:\/\/grupohama.com\/dotaciong\/wp-json\/wp\/v2\/users\/1"}],"replies":[{"embeddable":true,"href":"https:\/\/grupohama.com\/dotaciong\/wp-json\/wp\/v2\/comments?post=1036"}],"version-history":[{"count":46,"href":"https:\/\/grupohama.com\/dotaciong\/wp-json\/wp\/v2\/pages\/1036\/revisions"}],"predecessor-version":[{"id":1404,"href":"https:\/\/grupohama.com\/dotaciong\/wp-json\/wp\/v2\/pages\/1036\/revisions\/1404"}],"wp:attachment":[{"href":"https:\/\/grupohama.com\/dotaciong\/wp-json\/wp\/v2\/media?parent=1036"}],"curies":[{"name":"wp","href":"https:\/\/api.w.org\/{rel}","templated":true}]}}