{"id":73,"date":"2023-10-27T05:37:06","date_gmt":"2023-10-27T03:37:06","guid":{"rendered":"https:\/\/grupohama.com\/aseoh\/?page_id=73"},"modified":"2026-01-09T23:03:08","modified_gmt":"2026-01-09T22:03:08","slug":"home","status":"publish","type":"page","link":"https:\/\/grupohama.com\/aseoh\/","title":{"rendered":"Home"},"content":{"rendered":"<style>\/*! elementor - v3.17.0 - 25-10-2023 *\/<br \/>\n.elementor-heading-title{padding:0;margin:0;line-height:1}.elementor-widget-heading .elementor-heading-title[class*=elementor-size-]>a{color:inherit;font-size:inherit;line-height:inherit}.elementor-widget-heading .elementor-heading-title.elementor-size-small{font-size:15px}.elementor-widget-heading .elementor-heading-title.elementor-size-medium{font-size:19px}.elementor-widget-heading .elementor-heading-title.elementor-size-large{font-size:29px}.elementor-widget-heading .elementor-heading-title.elementor-size-xl{font-size:39px}.elementor-widget-heading .elementor-heading-title.elementor-size-xxl{font-size:59px}<\/style>\n<h3>Aportamos soluciones eficientes a todos nuestros clientes<\/h3>\n<p>mediante la prestaci\u00f3n del servicio integral de aseo, cafeter\u00eda y suministro de insumos, garantizando unas condiciones de presentaci\u00f3n \u00f3ptima de las instalaciones que proyecten la imagen que nuestro cliente desea mantener.<\/p>\n<style>\/*! elementor - v3.17.0 - 25-10-2023 *\/<br \/>\n.elementor-widget-image{text-align:center}.elementor-widget-image a{display:inline-block}.elementor-widget-image a img[src$=\".svg\"]{width:48px}.elementor-widget-image img{vertical-align:middle;display:inline-block}<\/style>\n<p><img loading=\"lazy\" decoding=\"async\" src=\"https:\/\/grupohama.com\/aseoh\/wp-content\/uploads\/2023\/10\/webic02-16.png\" sizes=\"auto, (max-width: 350px) 100vw, 350px\" srcset=\"https:\/\/grupohama.com\/aseoh\/wp-content\/uploads\/2023\/10\/webic02-16.png 350w, https:\/\/grupohama.com\/aseoh\/wp-content\/uploads\/2023\/10\/webic02-16-300x97.png 300w\" alt=\"\" width=\"350\" height=\"113\" \/><\/p>\n<h2>Bienvenido a Hama Aseo<\/h2>\n<h1>\u00bfQui\u00e9nes Somos?<\/h1>\n<p>Somos una empresa prestadora de servicios especiales de aseo integral, cafeter\u00eda, especializados y outsourcing, con cubrimiento en toda Colombia con 30 a\u00f1os de experiencia y responsabilidad social.<\/p>\n<p><img loading=\"lazy\" decoding=\"async\" class=\"\" src=\"https:\/\/grupohama.com\/aseoh\/wp-content\/uploads\/2023\/10\/web-10-1024x589.jpg\" sizes=\"auto, (max-width: 1024px) 100vw, 1024px\" srcset=\"https:\/\/grupohama.com\/aseoh\/wp-content\/uploads\/2023\/10\/web-10-1024x589.jpg 1024w, https:\/\/grupohama.com\/aseoh\/wp-content\/uploads\/2023\/10\/web-10-300x172.jpg 300w, https:\/\/grupohama.com\/aseoh\/wp-content\/uploads\/2023\/10\/web-10-768x442.jpg 768w, https:\/\/grupohama.com\/aseoh\/wp-content\/uploads\/2023\/10\/web-10.jpg 1075w\" alt=\"\" width=\"1200\" height=\"690\" \/><\/p>\n<figure class=\"gallery-item\"><a href=\"https:\/\/grupohama.com\/aseoh\/wp-content\/uploads\/2023\/11\/logos-09.jpg\" data-elementor-open-lightbox=\"yes\" data-elementor-lightbox-slideshow=\"4ead802\" data-elementor-lightbox-title=\"logos-09\" data-e-action-hash=\"#elementor-action%3Aaction%3Dlightbox%26settings%3DeyJpZCI6MTU5LCJ1cmwiOiJodHRwczpcL1wvZ3J1cG9oYW1hLmNvbVwvYXNlb2hcL3dwLWNvbnRlbnRcL3VwbG9hZHNcLzIwMjNcLzExXC9sb2dvcy0wOS5qcGciLCJzbGlkZXNob3ciOiI0ZWFkODAyIn0%3D\"><img loading=\"lazy\" decoding=\"async\" class=\"alignnone size-full wp-image-316 alignleft\" src=\"https:\/\/grupohama.com\/aseoh\/wp-content\/uploads\/2025\/12\/8e63071c-03df-4653-a067-44a1a69d6414.jpg\" alt=\"\" width=\"1250\" height=\"266\" \/><\/a><\/figure>\n<figure class=\"gallery-item\"><\/figure>\n<figure class=\"gallery-item\"><\/figure>\n<h3>Razones para escogernos a nosotros<\/h3>\n<h4>GESTI\u00d3N<\/h4>\n<p>Alta recepci\u00f3n y posterior gesti\u00f3n, con resultados efectivos de los mismos, para que nuestros clientes reciban un oportuno servicio.<\/p>\n<p><img loading=\"lazy\" decoding=\"async\" class=\"alignnone size-full wp-image-322\" src=\"https:\/\/grupohama.com\/aseoh\/wp-content\/uploads\/2026\/01\/WhatsApp-Image-2026-01-08-at-17.25.29.jpeg\" alt=\"\" width=\"1275\" height=\"745\" \/><\/p>\n<h4>PUNTUALIDAD<\/h4>\n<p>Cumplimiento estricto del servicio contratado con nuestros clientes.<\/p>\n<h4>EFICACIA<\/h4>\n<p>Brindando un servicio eficaz y eficiente a nuestros clientes siendo esta nuestra principal carta de presentaci\u00f3n.<\/p>\n<p><img loading=\"lazy\" decoding=\"async\" class=\"alignnone size-full wp-image-323\" src=\"https:\/\/grupohama.com\/aseoh\/wp-content\/uploads\/2026\/01\/WhatsApp-Image-2026-01-08-at-17.25.07.jpeg\" alt=\"\" width=\"1275\" height=\"739\" \/><\/p>\n<h4>RESPONSABILIDAD<\/h4>\n<p>Acompa\u00f1amiento responsable en el impacto que genera la prestaci\u00f3n de nuestros servicios sobre nuestros clientes, empleados, accionistas, medio ambiente y comunidad en general.<\/p>\n<h2>Nuestros Servicios<\/h2>\n<h4>Atenci\u00f3n de cafeter\u00edas<\/h4>\n<p>preparaci\u00f3n y distribuci\u00f3n de bebidas fr\u00edas y calientes, cumpliendo con los mas altos patrones de higiene y manipulaci\u00f3n de alimentos.<\/p>\n<h4>Aseo integral personalizado<\/h4>\n<p>Servicios de Aseo, limpieza y desinfecci\u00f3n, proporcionando mano de obra especializada y con el suministro de los insumos, materiales y equipos necesarios para la labor.<\/p>\n<p><img loading=\"lazy\" decoding=\"async\" class=\"alignnone size-full wp-image-324\" src=\"https:\/\/grupohama.com\/aseoh\/wp-content\/uploads\/2026\/01\/WhatsApp-Image-2026-01-08-at-17.25.14.jpeg\" alt=\"\" width=\"681\" height=\"454\" \/><\/p>\n<h4>Mantenimiento y recuperaci\u00f3n de zonas verdes<\/h4>\n<p>Arreglo de jardines y zonas verdes en general mediante la ejecuci\u00f3n de actividades de fertilizaci\u00f3n, control de plagas, poda de c\u00e9sped, entre otras.<\/p>\n<h2>Aseo oficinas y zonas residenciales<\/h2>\n<p>Actividades de reparaciones y adecuaciones locativas menores para todo tipo de instalaciones f\u00edsicas.<\/p>\n<p><img loading=\"lazy\" decoding=\"async\" src=\"https:\/\/grupohama.com\/aseoh\/wp-content\/uploads\/2023\/12\/fotoswh-11.jpg\" sizes=\"auto, (max-width: 975px) 100vw, 975px\" srcset=\"https:\/\/grupohama.com\/aseoh\/wp-content\/uploads\/2023\/12\/fotoswh-11.jpg 975w, https:\/\/grupohama.com\/aseoh\/wp-content\/uploads\/2023\/12\/fotoswh-11-300x200.jpg 300w, https:\/\/grupohama.com\/aseoh\/wp-content\/uploads\/2023\/12\/fotoswh-11-768x512.jpg 768w\" alt=\"\" width=\"975\" height=\"650\" \/><\/p>\n<h2>Planta, Bodega y Similares<\/h2>\n<p>Aseo, limpieza y desinfecci\u00f3n reglamentada y Contamos con personal calificado para coordinar equipos log\u00edsticos que realicen la producci\u00f3n, montaje, desmontaje y seguridad del evento.<\/p>\n<p><img loading=\"lazy\" decoding=\"async\" src=\"https:\/\/grupohama.com\/aseoh\/wp-content\/uploads\/2023\/12\/fotoswh-13b.jpg\" sizes=\"auto, (max-width: 587px) 100vw, 587px\" srcset=\"https:\/\/grupohama.com\/aseoh\/wp-content\/uploads\/2023\/12\/fotoswh-13b.jpg 587w, https:\/\/grupohama.com\/aseoh\/wp-content\/uploads\/2023\/12\/fotoswh-13b-300x201.jpg 300w\" alt=\"\" width=\"587\" height=\"393\" \/><\/p>\n<h2>Aseo Hospitalario<\/h2>\n<p>especializada de los hospitales, cl\u00ednicas, centros de salud y otros espacios de naturaleza sanitaria que deben cumplir con los m\u00e1s altos patrones de desinfecci\u00f3n y precauci\u00f3n.<\/p>\n<p><img loading=\"lazy\" decoding=\"async\" src=\"https:\/\/grupohama.com\/aseoh\/wp-content\/uploads\/2023\/12\/fotoswh-12b.jpg\" sizes=\"auto, (max-width: 587px) 100vw, 587px\" srcset=\"https:\/\/grupohama.com\/aseoh\/wp-content\/uploads\/2023\/12\/fotoswh-12b.jpg 587w, https:\/\/grupohama.com\/aseoh\/wp-content\/uploads\/2023\/12\/fotoswh-12b-300x201.jpg 300w\" alt=\"\" width=\"587\" height=\"393\" \/><\/p>\n","protected":false},"excerpt":{"rendered":"<p>Aportamos soluciones eficientes a todos nuestros clientes mediante la prestaci\u00f3n del servicio integral de aseo, cafeter\u00eda y suministro de insumos, garantizando unas condiciones de presentaci\u00f3n \u00f3ptima de las instalaciones que proyecten la imagen que nuestro cliente desea mantener. Bienvenido a Hama Aseo \u00bfQui\u00e9nes Somos? Somos una empresa prestadora de servicios especiales de aseo integral, cafeter\u00eda, &hellip;<\/p>\n<p class=\"read-more\"> <a class=\"\" href=\"https:\/\/grupohama.com\/aseoh\/\"> <span class=\"screen-reader-text\">Home<\/span> Leer m\u00e1s &raquo;<\/a><\/p>\n","protected":false},"author":1,"featured_media":0,"parent":0,"menu_order":0,"comment_status":"closed","ping_status":"closed","template":"","meta":{"site-sidebar-layout":"default","site-content-layout":"","ast-site-content-layout":"","site-content-style":"default","site-sidebar-style":"default","ast-global-header-display":"","ast-banner-title-visibility":"","ast-main-header-display":"","ast-hfb-above-header-display":"","ast-hfb-below-header-display":"","ast-hfb-mobile-header-display":"","site-post-title":"disabled","ast-breadcrumbs-content":"","ast-featured-img":"","footer-sml-layout":"","theme-transparent-header-meta":"","adv-header-id-meta":"","stick-header-meta":"","header-above-stick-meta":"","header-main-stick-meta":"","header-below-stick-meta":"","astra-migrate-meta-layouts":"","ast-page-background-enabled":"default","ast-page-background-meta":{"desktop":{"background-color":"var(--ast-global-color-4)","background-image":"","background-repeat":"repeat","background-position":"center center","background-size":"auto","background-attachment":"scroll","background-type":"","background-media":"","overlay-type":"","overlay-color":"","overlay-gradient":""},"tablet":{"background-color":"","background-image":"","background-repeat":"repeat","background-position":"center center","background-size":"auto","background-attachment":"scroll","background-type":"","background-media":"","overlay-type":"","overlay-color":"","overlay-gradient":""},"mobile":{"background-color":"","background-image":"","background-repeat":"repeat","background-position":"center center","background-size":"auto","background-attachment":"scroll","background-type":"","background-media":"","overlay-type":"","overlay-color":"","overlay-gradient":""}},"ast-content-background-meta":{"desktop":{"background-color":"var(--ast-global-color-5)","background-image":"","background-repeat":"repeat","background-position":"center center","background-size":"auto","background-attachment":"scroll","background-type":"","background-media":"","overlay-type":"","overlay-color":"","overlay-gradient":""},"tablet":{"background-color":"var(--ast-global-color-5)","background-image":"","background-repeat":"repeat","background-position":"center center","background-size":"auto","background-attachment":"scroll","background-type":"","background-media":"","overlay-type":"","overlay-color":"","overlay-gradient":""},"mobile":{"background-color":"var(--ast-global-color-5)","background-image":"","background-repeat":"repeat","background-position":"center center","background-size":"auto","background-attachment":"scroll","background-type":"","background-media":"","overlay-type":"","overlay-color":"","overlay-gradient":""}},"footnotes":""},"class_list":["post-73","page","type-page","status-publish","hentry"],"_links":{"self":[{"href":"https:\/\/grupohama.com\/aseoh\/index.php?rest_route=\/wp\/v2\/pages\/73","targetHints":{"allow":["GET"]}}],"collection":[{"href":"https:\/\/grupohama.com\/aseoh\/index.php?rest_route=\/wp\/v2\/pages"}],"about":[{"href":"https:\/\/grupohama.com\/aseoh\/index.php?rest_route=\/wp\/v2\/types\/page"}],"author":[{"embeddable":true,"href":"https:\/\/grupohama.com\/aseoh\/index.php?rest_route=\/wp\/v2\/users\/1"}],"replies":[{"embeddable":true,"href":"https:\/\/grupohama.com\/aseoh\/index.php?rest_route=%2Fwp%2Fv2%2Fcomments&post=73"}],"version-history":[{"count":88,"href":"https:\/\/grupohama.com\/aseoh\/index.php?rest_route=\/wp\/v2\/pages\/73\/revisions"}],"predecessor-version":[{"id":328,"href":"https:\/\/grupohama.com\/aseoh\/index.php?rest_route=\/wp\/v2\/pages\/73\/revisions\/328"}],"wp:attachment":[{"href":"https:\/\/grupohama.com\/aseoh\/index.php?rest_route=%2Fwp%2Fv2%2Fmedia&parent=73"}],"curies":[{"name":"wp","href":"https:\/\/api.w.org\/{rel}","templated":true}]}}